{"id":346,"date":"2025-06-16T12:53:07","date_gmt":"2025-06-16T14:53:07","guid":{"rendered":"https:\/\/ostatnigasiswiatlo.pl\/?page_id=346"},"modified":"2025-06-16T12:56:25","modified_gmt":"2025-06-16T14:56:25","slug":"o-nas","status":"publish","type":"page","link":"https:\/\/ostatnigasiswiatlo.pl\/?page_id=346","title":{"rendered":"O nas"},"content":{"rendered":"<p data-start=\"183\" data-end=\"485\"><strong data-start=\"183\" data-end=\"207\">Ostatni Gasi \u015awiat\u0142o<\/strong> to portal dla tych, kt\u00f3rzy chc\u0105 wiedzie\u0107 wi\u0119cej i widzie\u0107 szerzej. Dla tych, kt\u00f3rym nie wystarczy tytu\u0142 z nag\u0142\u00f3wka ani post sponsorowany od magistratu. My patrzymy uwa\u017cnie \u2013 i nie odwracamy wzroku, kiedy trzeba zapyta\u0107: \u201ekto za to odpowiada?\u201d albo \u201eco z tego naprawd\u0119 wynika?\u201d.<\/p>\n<p data-start=\"487\" data-end=\"823\">Opisujemy to, co si\u0119 dzieje w mie\u015bcie <strong data-start=\"525\" data-end=\"575\">zanim kto\u015b to zamaluje, zagada albo przemilczy<\/strong>. Tropimy absurdy, notujemy zmiany, pokazujemy prawd\u0119 spod miejskiego tynku i plakatu. Interesuj\u0105 nas nie tylko wielkie inwestycje i konferencje prasowe, ale i zwyk\u0142e sprawy \u2013 chodnik, kt\u00f3ry si\u0119 kruszy, mur, kt\u00f3ry pami\u0119ta wi\u0119cej ni\u017c niejeden radny.<\/p>\n<p data-start=\"825\" data-end=\"1150\"><strong data-start=\"825\" data-end=\"895\">Piszemy, pokazujemy, komentujemy \u2013 bez \u015bciemy, z lokalnym sznytem.<\/strong><br data-start=\"895\" data-end=\"898\" \/>Bez czo\u0142obitno\u015bci, ale i bez taniej sensacji. Z mi\u0142o\u015bci\u0105 do Szczecina, ale tak\u0105, kt\u00f3ra czasem kopnie, \u017ceby si\u0119 obudzi\u0107. Lubimy konkret, zdj\u0119cie z miejsca zdarzenia, zdanie z podw\u00f3rka. Je\u015bli trzeba, robimy to sami \u2013 z kamer\u0105, z mikrofonem, z aparatem.<\/p>\n<p data-start=\"1152\" data-end=\"1244\">Nie jeste\u015bmy ani z ratusza, ani z centrali.<br data-start=\"1195\" data-end=\"1198\" \/>Nie musimy si\u0119 nikomu podoba\u0107 \u2013 tylko Tobie.<\/p>\n<p data-start=\"1246\" data-end=\"1329\">To Ty jeste\u015b naszym Czytelnikiem.<br data-start=\"1279\" data-end=\"1282\" \/>A my jeste\u015bmy tu po to, \u017ceby nie gas\u0142o \u015bwiat\u0142o.<\/p>\n","protected":false},"excerpt":{"rendered":"<p>Ostatni Gasi \u015awiat\u0142o to portal dla tych, kt\u00f3rzy chc\u0105 wiedzie\u0107 wi\u0119cej i widzie\u0107 szerzej. Dla tych, kt\u00f3rym nie wystarczy tytu\u0142 z nag\u0142\u00f3wka ani post sponsorowany od magistratu. My patrzymy uwa\u017cnie \u2013 i nie odwracamy wzroku, kiedy trzeba zapyta\u0107: \u201ekto za to odpowiada?\u201d albo \u201eco z tego naprawd\u0119 wynika?\u201d. Opisujemy to, co si\u0119 dzieje w mie\u015bcie [&hellip;]<\/p>\n","protected":false},"author":1,"featured_media":0,"parent":0,"menu_order":0,"comment_status":"closed","ping_status":"closed","template":"","meta":{"two_page_speed":[],"footnotes":"","_links_to":"","_links_to_target":""},"class_list":["post-346","page","type-page","status-publish","hentry"],"_links":{"self":[{"href":"https:\/\/ostatnigasiswiatlo.pl\/index.php?rest_route=\/wp\/v2\/pages\/346","targetHints":{"allow":["GET"]}}],"collection":[{"href":"https:\/\/ostatnigasiswiatlo.pl\/index.php?rest_route=\/wp\/v2\/pages"}],"about":[{"href":"https:\/\/ostatnigasiswiatlo.pl\/index.php?rest_route=\/wp\/v2\/types\/page"}],"author":[{"embeddable":true,"href":"https:\/\/ostatnigasiswiatlo.pl\/index.php?rest_route=\/wp\/v2\/users\/1"}],"replies":[{"embeddable":true,"href":"https:\/\/ostatnigasiswiatlo.pl\/index.php?rest_route=%2Fwp%2Fv2%2Fcomments&post=346"}],"version-history":[{"count":4,"href":"https:\/\/ostatnigasiswiatlo.pl\/index.php?rest_route=\/wp\/v2\/pages\/346\/revisions"}],"predecessor-version":[{"id":351,"href":"https:\/\/ostatnigasiswiatlo.pl\/index.php?rest_route=\/wp\/v2\/pages\/346\/revisions\/351"}],"wp:attachment":[{"href":"https:\/\/ostatnigasiswiatlo.pl\/index.php?rest_route=%2Fwp%2Fv2%2Fmedia&parent=346"}],"curies":[{"name":"wp","href":"https:\/\/api.w.org\/{rel}","templated":true}]}}

<p data-start="183" data-end="485"><strong data-start="183" data-end="207">Ostatni Gasi Światło</strong> to portal dla tych, którzy chcą wiedzieć więcej i widzieć szerzej. Dla tych, którym nie wystarczy tytuł z nagłówka ani post sponsorowany od magistratu. My patrzymy uważnie – i nie odwracamy wzroku, kiedy trzeba zapytać: „kto za to odpowiada?” albo „co z tego naprawdę wynika?”.</p>
<p data-start="487" data-end="823">Opisujemy to, co się dzieje w mieście <strong data-start="525" data-end="575">zanim ktoś to zamaluje, zagada albo przemilczy</strong>. Tropimy absurdy, notujemy zmiany, pokazujemy prawdę spod miejskiego tynku i plakatu. Interesują nas nie tylko wielkie inwestycje i konferencje prasowe, ale i zwykłe sprawy – chodnik, który się kruszy, mur, który pamięta więcej niż niejeden radny.</p>
<p data-start="825" data-end="1150"><strong data-start="825" data-end="895">Piszemy, pokazujemy, komentujemy – bez ściemy, z lokalnym sznytem.</strong><br data-start="895" data-end="898" />Bez czołobitności, ale i bez taniej sensacji. Z miłością do Szczecina, ale taką, która czasem kopnie, żeby się obudzić. Lubimy konkret, zdjęcie z miejsca zdarzenia, zdanie z podwórka. Jeśli trzeba, robimy to sami – z kamerą, z mikrofonem, z aparatem.</p>
<p data-start="1152" data-end="1244">Nie jesteśmy ani z ratusza, ani z centrali.<br data-start="1195" data-end="1198" />Nie musimy się nikomu podobać – tylko Tobie.</p>
<p data-start="1246" data-end="1329">To Ty jesteś naszym Czytelnikiem.<br data-start="1279" data-end="1282" />A my jesteśmy tu po to, żeby nie gasło światło.</p>

<p>Ostatni Gasi Światło to portal dla tych, którzy chcą wiedzieć więcej i widzieć szerzej. Dla tych, którym nie wystarczy tytuł z nagłówka ani post sponsorowany od magistratu. My patrzymy uważnie – i nie odwracamy wzroku, kiedy trzeba zapytać: „kto za to odpowiada?” albo „co z tego naprawdę wynika?”. Opisujemy to, co się dzieje w mieście [&hellip;]</p>
